{"id":40,"date":"2014-03-06T00:24:18","date_gmt":"2014-03-05T23:24:18","guid":{"rendered":"http:\/\/feretmatieres.fr\/fer-forge\/?page_id=40"},"modified":"2024-02-27T17:23:36","modified_gmt":"2024-02-27T16:23:36","slug":"presse","status":"publish","type":"page","link":"https:\/\/feretmatieres.fr\/fer-forge\/fr\/presse\/","title":{"rendered":"Communiqu\u00e9s de presse &#038; m\u00e9dias"},"content":{"rendered":"\n<div class=\"wp-block-uagb-container uagb-block-333ec028 alignfull uagb-is-root-container\"><div class=\"uagb-container-inner-blocks-wrap\">\n<p class=\"has-medium-font-size\">Bienvenue dans l&rsquo;espace presse. Ici, vous trouverez toutes les ressources n\u00e9cessaires pour d\u00e9couvrir, partager et \u00e9crire sur les cr\u00e9ations uniques d&rsquo;Eric Litschky.<\/p>\n\n\n\n<div class=\"wp-block-media-text is-stacked-on-mobile\"><figure class=\"wp-block-media-text__media\"><img loading=\"lazy\" decoding=\"async\" width=\"550\" height=\"290\" src=\"https:\/\/feretmatieres.fr\/fer-forge\/wp-content\/uploads\/2024\/02\/litschky-la-provence-2006.jpg\" alt=\"\" class=\"wp-image-1028 size-full\" srcset=\"https:\/\/feretmatieres.fr\/fer-forge\/wp-content\/uploads\/2024\/02\/litschky-la-provence-2006.jpg 550w, https:\/\/feretmatieres.fr\/fer-forge\/wp-content\/uploads\/2024\/02\/litschky-la-provence-2006-350x185.jpg 350w\" sizes=\"(max-width: 550px) 100vw, 550px\" \/><\/figure><div class=\"wp-block-media-text__content\">\n<h2 class=\"wp-block-heading\">Un Vulcain des temps modernes<\/h2>\n\n\n\n<p>Vulcain, dieu latin du Feu et des Forges n&rsquo;est plus ador\u00e9 depuis fort longtemps mais, de nos jours, il a des serviteurs qui lui font honneur. <\/p>\n\n\n\n<p>Eric Litschky, ferronnier d&rsquo;art install\u00e9 \u00e0 [Saint-Michel-l&rsquo;observatoire], est de ceux-l\u00e0. Sous ses mains, le m\u00e9tal se transforme en courbes et volutes \u00e9l\u00e9gantes qui ornent grilles de portes d&rsquo;entr\u00e9e, escaliers, marquises, deviennent chaises, tables, fauteuils, bougeoirs et autres objets de d\u00e9coration. <\/p>\n\n\n\n<p>Voil\u00e0 un artisan de talent dont l&rsquo;atelier m\u00e9rite d&rsquo;\u00eatre visit\u00e9 ! <\/p>\n\n\n\n<p>Contact au [06 03 28 23 59]<\/p>\n<\/div><\/div>\n\n\n\n<div class=\"wp-block-media-text has-media-on-the-right is-stacked-on-mobile is-vertically-aligned-top\"><div class=\"wp-block-media-text__content\">\n<h2 class=\"wp-block-heading\">Ferronnier d&rsquo;art &amp; sculpteur<\/h2>\n\n\n\n<p>nous l&rsquo;avons d\u00e9couvert, un dimanche matin, sur le march\u00e9 de Reillanne. C&rsquo;\u00e9tait sa premi\u00e8re apparition. Il pr\u00e9sentait un petit ensemble de mobilier, une v\u00e9ritable dentelle dont les volutes, les spirales, les serpentins, d\u00e9coupaient la lumi\u00e8re. [&#8230;]<\/p>\n\n\n\n<p>Les mots rendent mal compte de la r\u00e9alit\u00e9. Les meubles, les objets que nous apercevons sont ajour\u00e9s. Ce sont de v\u00e9ritables tacis torsad\u00e9s, trac\u00e9s en noir sur la lumi\u00e8re. [&#8230;] C&rsquo;est pourtant bien de m\u00e9tal qu&rsquo;ils sont faits. [&#8230;]<\/p>\n\n\n\n<p>Entrons dans l&rsquo;atelier [&#8230;] Ce sont des tiges rigides qui vont donner naissance, entre les mains du ferronnier, aux fins dessins tout en courbes \u00e9l\u00e9gantes des objets qu&rsquo;il imagine. [&#8230;]<\/p>\n\n\n\n<p>Eric s&rsquo;entretient d&rsquo;abord avec son client, \u00e9labore avec lui un projet. <\/p>\n<\/div><figure class=\"wp-block-media-text__media\"><img loading=\"lazy\" decoding=\"async\" width=\"708\" height=\"582\" src=\"https:\/\/feretmatieres.fr\/fer-forge\/wp-content\/uploads\/2024\/02\/fer-forge-litschky-la-marseillase-2000.jpg\" alt=\"\" class=\"wp-image-1029 size-full\" srcset=\"https:\/\/feretmatieres.fr\/fer-forge\/wp-content\/uploads\/2024\/02\/fer-forge-litschky-la-marseillase-2000.jpg 708w, https:\/\/feretmatieres.fr\/fer-forge\/wp-content\/uploads\/2024\/02\/fer-forge-litschky-la-marseillase-2000-350x288.jpg 350w\" sizes=\"(max-width: 708px) 100vw, 708px\" \/><\/figure><\/div>\n\n\n\n<div class=\"wp-block-media-text is-stacked-on-mobile is-vertically-aligned-top\" style=\"grid-template-columns:15% auto\"><figure class=\"wp-block-media-text__media\"><img loading=\"lazy\" decoding=\"async\" width=\"246\" height=\"650\" src=\"https:\/\/feretmatieres.fr\/fer-forge\/wp-content\/uploads\/2024\/02\/foire-ongles-la-marseillaise-2006.jpg\" alt=\"\" class=\"wp-image-1030 size-full\" srcset=\"https:\/\/feretmatieres.fr\/fer-forge\/wp-content\/uploads\/2024\/02\/foire-ongles-la-marseillaise-2006.jpg 246w, https:\/\/feretmatieres.fr\/fer-forge\/wp-content\/uploads\/2024\/02\/foire-ongles-la-marseillaise-2006-132x350.jpg 132w\" sizes=\"(max-width: 246px) 100vw, 246px\" \/><\/figure><div class=\"wp-block-media-text__content\">\n<h2 class=\"wp-block-heading\">Des projets amoureux<\/h2>\n\n\n\n<p>Imagination et cr\u00e9ation en fer forg\u00e9 caract\u00e9risent Eric Litschky : Eric \u00e9tait l&rsquo;un des seuls artisans \u00e0 travailler au contact du public \u00e0 la foire agricole et rurale d&rsquo;Ongles.<\/p>\n\n\n\n<p>Cet artiste g\u00e9n\u00e9raux accompagne les souaits de ses clients et met en oeuvre leur projet avec amour, dans la joie et la bonne humeur.<\/p>\n\n\n\n<p>Les tables dress\u00e9es pr\u00e9sentent son travail et le publique participait \u00e0 \u00e9teindre les quelques flamm\u00e8ches tomb\u00e9es de la forge tout en regardant le travail d&rsquo;art du fer chauff\u00e9 au rouge<\/p>\n<\/div><\/div>\n\n\n\n<p class=\"has-text-align-center has-medium-font-size\">Si vous avez des id\u00e9es ou des projets artistiques en t\u00eate, je suis l\u00e0 pour vous \u00e9couter ! N&rsquo;h\u00e9sitez pas \u00e0 me contacter d\u00e8s maintenant pour en discuter.<\/p>\n\n\n\n<div class=\"wp-block-uagb-buttons uagb-buttons__outer-wrap uagb-btn__default-btn uagb-btn-tablet__default-btn uagb-btn-mobile__default-btn uagb-block-f6b5b45a\"><div class=\"uagb-buttons__wrap uagb-buttons-layout-wrap\">\n<div class=\"wp-block-uagb-buttons-child uagb-buttons__outer-wrap uagb-block-b02a0c38 wp-block-button\"><div class=\"uagb-button__wrapper\"><a class=\"uagb-buttons-repeater wp-block-button__link\" aria-label=\"\" href=\"https:\/\/feretmatieres.fr\/fer-forge\/fr\/contact\/\" rel=\"follow noopener\" target=\"_self\"><span class=\"uagb-button__icon uagb-button__icon-position-before\"><svg xmlns=\"https:\/\/www.w3.org\/2000\/svg\" viewBox=\"0 0 448 512\"><path d=\"M438.6 278.6l-160 160C272.4 444.9 264.2 448 256 448s-16.38-3.125-22.62-9.375c-12.5-12.5-12.5-32.75 0-45.25L338.8 288H32C14.33 288 .0016 273.7 .0016 256S14.33 224 32 224h306.8l-105.4-105.4c-12.5-12.5-12.5-32.75 0-45.25s32.75-12.5 45.25 0l160 160C451.1 245.9 451.1 266.1 438.6 278.6z\"><\/path><\/svg><\/span><div class=\"uagb-button__link\">contactez-moi<\/div><\/a><\/div><\/div>\n<\/div><\/div>\n<\/div><\/div>\n","protected":false},"excerpt":{"rendered":"<p>Bienvenue dans l&rsquo;espace presse. Ici, vous trouverez toutes les ressources n\u00e9cessaires pour d\u00e9couvrir, partager et \u00e9crire sur les cr\u00e9ations uniques d&rsquo;Eric Litschky. Un Vulcain des temps modernes Vulcain, dieu latin du Feu et des Forges n&rsquo;est plus ador\u00e9 depuis fort longtemps mais, de nos jours, il a des serviteurs qui lui font honneur. Eric Litschky, [&hellip;]<\/p>\n","protected":false},"author":1,"featured_media":0,"parent":0,"menu_order":0,"comment_status":"closed","ping_status":"closed","template":"","meta":{"_uag_custom_page_level_css":"","site-sidebar-layout":"default","site-content-layout":"","ast-site-content-layout":"default","site-content-style":"default","site-sidebar-style":"default","ast-global-header-display":"","ast-banner-title-visibility":"","ast-main-header-display":"","ast-hfb-above-header-display":"","ast-hfb-below-header-display":"","ast-hfb-mobile-header-display":"","site-post-title":"","ast-breadcrumbs-content":"","ast-featured-img":"","footer-sml-layout":"","theme-transparent-header-meta":"","adv-header-id-meta":"","stick-header-meta":"","header-above-stick-meta":"","header-main-stick-meta":"","header-below-stick-meta":"","astra-migrate-meta-layouts":"set","ast-page-background-enabled":"default","ast-page-background-meta":{"desktop":{"background-color":"var(--ast-global-color-4)","background-image":"","background-repeat":"repeat","background-position":"center center","background-size":"auto","background-attachment":"scroll","background-type":"","background-media":"","overlay-type":"","overlay-color":"","overlay-gradient":""},"tablet":{"background-color":"","background-image":"","background-repeat":"repeat","background-position":"center center","background-size":"auto","background-attachment":"scroll","background-type":"","background-media":"","overlay-type":"","overlay-color":"","overlay-gradient":""},"mobile":{"background-color":"","background-image":"","background-repeat":"repeat","background-position":"center center","background-size":"auto","background-attachment":"scroll","background-type":"","background-media":"","overlay-type":"","overlay-color":"","overlay-gradient":""}},"ast-content-background-meta":{"desktop":{"background-color":"var(--ast-global-color-5)","background-image":"","background-repeat":"repeat","background-position":"center center","background-size":"auto","background-attachment":"scroll","background-type":"","background-media":"","overlay-type":"","overlay-color":"","overlay-gradient":""},"tablet":{"background-color":"var(--ast-global-color-5)","background-image":"","background-repeat":"repeat","background-position":"center center","background-size":"auto","background-attachment":"scroll","background-type":"","background-media":"","overlay-type":"","overlay-color":"","overlay-gradient":""},"mobile":{"background-color":"var(--ast-global-color-5)","background-image":"","background-repeat":"repeat","background-position":"center center","background-size":"auto","background-attachment":"scroll","background-type":"","background-media":"","overlay-type":"","overlay-color":"","overlay-gradient":""}},"footnotes":""},"yoast_head":"<!-- This site is optimized with the Yoast SEO plugin v22.1 - https:\/\/yoast.com\/wordpress\/plugins\/seo\/ -->\n<title>Communication presse &amp; m\u00e9dias : fer forg\u00e9 | Fet et Mati\u00e8res<\/title>\n<meta name=\"description\" content=\"Bienvenue dans l&#039;espace presse. Ici, vous trouverez toutes les ressources n\u00e9cessaires pour d\u00e9couvrir les cr\u00e9ations en fer forg\u00e9 de Litschky.\" \/>\n<meta name=\"robots\" content=\"index, follow, max-snippet:-1, max-image-preview:large, max-video-preview:-1\" \/>\n<link rel=\"canonical\" href=\"https:\/\/feretmatieres.fr\/fer-forge\/fr\/presse\/\" \/>\n<meta property=\"og:locale\" content=\"fr_FR\" \/>\n<meta property=\"og:type\" content=\"article\" \/>\n<meta property=\"og:title\" content=\"Communication presse &amp; m\u00e9dias : fer forg\u00e9 | Fet et Mati\u00e8res\" \/>\n<meta property=\"og:description\" content=\"Bienvenue dans l&#039;espace presse. Ici, vous trouverez toutes les ressources n\u00e9cessaires pour d\u00e9couvrir les cr\u00e9ations en fer forg\u00e9 de Litschky.\" \/>\n<meta property=\"og:url\" content=\"https:\/\/feretmatieres.fr\/fer-forge\/fr\/presse\/\" \/>\n<meta property=\"og:site_name\" content=\"Fer et Mati\u00e8res\" \/>\n<meta property=\"article:publisher\" content=\"https:\/\/www.facebook.com\/profile.php?id=100005386338601&amp;amp%3bfref=pb&amp;amp%3bhc_location=friends_tab\" \/>\n<meta property=\"article:modified_time\" content=\"2024-02-27T16:23:36+00:00\" \/>\n<meta property=\"og:image\" content=\"https:\/\/feretmatieres.fr\/fer-forge\/wp-content\/uploads\/2024\/02\/litschky-la-provence-2006.jpg\" \/>\n<meta name=\"twitter:label1\" content=\"Dur\u00e9e de lecture estim\u00e9e\" \/>\n\t<meta name=\"twitter:data1\" content=\"3 minutes\" \/>\n<script type=\"application\/ld+json\" class=\"yoast-schema-graph\">{\"@context\":\"https:\/\/schema.org\",\"@graph\":[{\"@type\":\"WebPage\",\"@id\":\"https:\/\/feretmatieres.fr\/fer-forge\/fr\/presse\/\",\"url\":\"https:\/\/feretmatieres.fr\/fer-forge\/fr\/presse\/\",\"name\":\"Communication presse & m\u00e9dias : fer forg\u00e9 | Fet et Mati\u00e8res\",\"isPartOf\":{\"@id\":\"https:\/\/feretmatieres.fr\/fer-forge\/#website\"},\"datePublished\":\"2014-03-05T23:24:18+00:00\",\"dateModified\":\"2024-02-27T16:23:36+00:00\",\"description\":\"Bienvenue dans l'espace presse. Ici, vous trouverez toutes les ressources n\u00e9cessaires pour d\u00e9couvrir les cr\u00e9ations en fer forg\u00e9 de Litschky.\",\"breadcrumb\":{\"@id\":\"https:\/\/feretmatieres.fr\/fer-forge\/fr\/presse\/#breadcrumb\"},\"inLanguage\":\"fr-FR\",\"potentialAction\":[{\"@type\":\"ReadAction\",\"target\":[\"https:\/\/feretmatieres.fr\/fer-forge\/fr\/presse\/\"]}]},{\"@type\":\"BreadcrumbList\",\"@id\":\"https:\/\/feretmatieres.fr\/fer-forge\/fr\/presse\/#breadcrumb\",\"itemListElement\":[{\"@type\":\"ListItem\",\"position\":1,\"name\":\"Accueil\",\"item\":\"https:\/\/feretmatieres.fr\/fer-forge\/fr\/accueil\/\"},{\"@type\":\"ListItem\",\"position\":2,\"name\":\"Communiqu\u00e9s de presse &#038; m\u00e9dias\"}]},{\"@type\":\"WebSite\",\"@id\":\"https:\/\/feretmatieres.fr\/fer-forge\/#website\",\"url\":\"https:\/\/feretmatieres.fr\/fer-forge\/\",\"name\":\"Fer et Mati\u00e8res\",\"description\":\"Ferronnerie d&#039;art, sculptures - Cr\u00e9ations originales - Eric Litschky\",\"potentialAction\":[{\"@type\":\"SearchAction\",\"target\":{\"@type\":\"EntryPoint\",\"urlTemplate\":\"https:\/\/feretmatieres.fr\/fer-forge\/?s={search_term_string}\"},\"query-input\":\"required name=search_term_string\"}],\"inLanguage\":\"fr-FR\"}]}<\/script>\n<!-- \/ Yoast SEO plugin. -->","yoast_head_json":{"title":"Communication presse & m\u00e9dias : fer forg\u00e9 | Fet et Mati\u00e8res","description":"Bienvenue dans l'espace presse. Ici, vous trouverez toutes les ressources n\u00e9cessaires pour d\u00e9couvrir les cr\u00e9ations en fer forg\u00e9 de Litschky.","robots":{"index":"index","follow":"follow","max-snippet":"max-snippet:-1","max-image-preview":"max-image-preview:large","max-video-preview":"max-video-preview:-1"},"canonical":"https:\/\/feretmatieres.fr\/fer-forge\/fr\/presse\/","og_locale":"fr_FR","og_type":"article","og_title":"Communication presse & m\u00e9dias : fer forg\u00e9 | Fet et Mati\u00e8res","og_description":"Bienvenue dans l'espace presse. Ici, vous trouverez toutes les ressources n\u00e9cessaires pour d\u00e9couvrir les cr\u00e9ations en fer forg\u00e9 de Litschky.","og_url":"https:\/\/feretmatieres.fr\/fer-forge\/fr\/presse\/","og_site_name":"Fer et Mati\u00e8res","article_publisher":"https:\/\/www.facebook.com\/profile.php?id=100005386338601&amp%3bfref=pb&amp%3bhc_location=friends_tab","article_modified_time":"2024-02-27T16:23:36+00:00","og_image":[{"url":"https:\/\/feretmatieres.fr\/fer-forge\/wp-content\/uploads\/2024\/02\/litschky-la-provence-2006.jpg"}],"twitter_misc":{"Dur\u00e9e de lecture estim\u00e9e":"3 minutes"},"schema":{"@context":"https:\/\/schema.org","@graph":[{"@type":"WebPage","@id":"https:\/\/feretmatieres.fr\/fer-forge\/fr\/presse\/","url":"https:\/\/feretmatieres.fr\/fer-forge\/fr\/presse\/","name":"Communication presse & m\u00e9dias : fer forg\u00e9 | Fet et Mati\u00e8res","isPartOf":{"@id":"https:\/\/feretmatieres.fr\/fer-forge\/#website"},"datePublished":"2014-03-05T23:24:18+00:00","dateModified":"2024-02-27T16:23:36+00:00","description":"Bienvenue dans l'espace presse. Ici, vous trouverez toutes les ressources n\u00e9cessaires pour d\u00e9couvrir les cr\u00e9ations en fer forg\u00e9 de Litschky.","breadcrumb":{"@id":"https:\/\/feretmatieres.fr\/fer-forge\/fr\/presse\/#breadcrumb"},"inLanguage":"fr-FR","potentialAction":[{"@type":"ReadAction","target":["https:\/\/feretmatieres.fr\/fer-forge\/fr\/presse\/"]}]},{"@type":"BreadcrumbList","@id":"https:\/\/feretmatieres.fr\/fer-forge\/fr\/presse\/#breadcrumb","itemListElement":[{"@type":"ListItem","position":1,"name":"Accueil","item":"https:\/\/feretmatieres.fr\/fer-forge\/fr\/accueil\/"},{"@type":"ListItem","position":2,"name":"Communiqu\u00e9s de presse &#038; m\u00e9dias"}]},{"@type":"WebSite","@id":"https:\/\/feretmatieres.fr\/fer-forge\/#website","url":"https:\/\/feretmatieres.fr\/fer-forge\/","name":"Fer et Mati\u00e8res","description":"Ferronnerie d&#039;art, sculptures - Cr\u00e9ations originales - Eric Litschky","potentialAction":[{"@type":"SearchAction","target":{"@type":"EntryPoint","urlTemplate":"https:\/\/feretmatieres.fr\/fer-forge\/?s={search_term_string}"},"query-input":"required name=search_term_string"}],"inLanguage":"fr-FR"}]}},"uagb_featured_image_src":{"full":false,"thumbnail":false,"medium":false,"medium_large":false,"large":false,"1536x1536":false,"2048x2048":false},"uagb_author_info":{"display_name":"cyber","author_link":"https:\/\/feretmatieres.fr\/fer-forge\/author\/cyber\/"},"uagb_comment_info":0,"uagb_excerpt":"Bienvenue dans l&rsquo;espace presse. Ici, vous trouverez toutes les ressources n\u00e9cessaires pour d\u00e9couvrir, partager et \u00e9crire sur les cr\u00e9ations uniques d&rsquo;Eric Litschky. Un Vulcain des temps modernes Vulcain, dieu latin du Feu et des Forges n&rsquo;est plus ador\u00e9 depuis fort longtemps mais, de nos jours, il a des serviteurs qui lui font honneur. Eric Litschky,\u2026","_links":{"self":[{"href":"https:\/\/feretmatieres.fr\/fer-forge\/wp-json\/wp\/v2\/pages\/40"}],"collection":[{"href":"https:\/\/feretmatieres.fr\/fer-forge\/wp-json\/wp\/v2\/pages"}],"about":[{"href":"https:\/\/feretmatieres.fr\/fer-forge\/wp-json\/wp\/v2\/types\/page"}],"author":[{"embeddable":true,"href":"https:\/\/feretmatieres.fr\/fer-forge\/wp-json\/wp\/v2\/users\/1"}],"replies":[{"embeddable":true,"href":"https:\/\/feretmatieres.fr\/fer-forge\/wp-json\/wp\/v2\/comments?post=40"}],"version-history":[{"count":25,"href":"https:\/\/feretmatieres.fr\/fer-forge\/wp-json\/wp\/v2\/pages\/40\/revisions"}],"predecessor-version":[{"id":1233,"href":"https:\/\/feretmatieres.fr\/fer-forge\/wp-json\/wp\/v2\/pages\/40\/revisions\/1233"}],"wp:attachment":[{"href":"https:\/\/feretmatieres.fr\/fer-forge\/wp-json\/wp\/v2\/media?parent=40"}],"curies":[{"name":"wp","href":"https:\/\/api.w.org\/{rel}","templated":true}]}}